{"id":2628,"date":"2025-11-19T12:24:02","date_gmt":"2025-11-19T11:24:02","guid":{"rendered":"https:\/\/www.nospcr.cz\/servis\/?post_type=product&#038;p=2628"},"modified":"2025-12-02T10:08:12","modified_gmt":"2025-12-02T09:08:12","slug":"skleneny-whisky-set-eskymos-16-s-logem-nos-pcr","status":"publish","type":"product","link":"https:\/\/www.nospcr.cz\/servis\/produkt\/skleneny-whisky-set-eskymos-16-s-logem-nos-pcr\/","title":{"rendered":"Sklen\u011bn\u00fd whisky set Eskymos 1+6 s logem NOS P\u010cR"},"content":{"rendered":"<p>k\u0159i\u0161\u0165\u00e1lov\u00e9 sklo, karafa s uz\u00e1v\u011brem + 6 whisky sklenek\u00a0 s logem NOS P\u010cR,<\/p>\n<p>baleno v kartonov\u00e9 modr\u00e9 krabici.<\/p>\n","protected":false},"excerpt":{"rendered":"<div class=\"mh-excerpt\"><p>k\u0159i\u0161\u0165\u00e1lov\u00e9 sklo, karafa s uz\u00e1v\u011brem + 6 whisky sklenek\u00a0 s logem NOS P\u010cR, baleno v kartonov\u00e9 modr\u00e9 krabici.<\/p>\n<\/div>","protected":false},"featured_media":2630,"template":"","meta":{"_monsterinsights_skip_tracking":false,"_monsterinsights_sitenote_active":false,"_monsterinsights_sitenote_note":"","_monsterinsights_sitenote_category":0},"product_brand":[],"product_cat":[18],"product_tag":[],"class_list":{"0":"post-2628","1":"product","2":"type-product","3":"status-publish","4":"has-post-thumbnail","6":"product_cat-sklo-keramila","8":"first","9":"instock","10":"taxable","11":"shipping-taxable","12":"purchasable","13":"product-type-simple"},"_links":{"self":[{"href":"https:\/\/www.nospcr.cz\/servis\/wp-json\/wp\/v2\/product\/2628","targetHints":{"allow":["GET"]}}],"collection":[{"href":"https:\/\/www.nospcr.cz\/servis\/wp-json\/wp\/v2\/product"}],"about":[{"href":"https:\/\/www.nospcr.cz\/servis\/wp-json\/wp\/v2\/types\/product"}],"wp:featuredmedia":[{"embeddable":true,"href":"https:\/\/www.nospcr.cz\/servis\/wp-json\/wp\/v2\/media\/2630"}],"wp:attachment":[{"href":"https:\/\/www.nospcr.cz\/servis\/wp-json\/wp\/v2\/media?parent=2628"}],"wp:term":[{"taxonomy":"product_brand","embeddable":true,"href":"https:\/\/www.nospcr.cz\/servis\/wp-json\/wp\/v2\/product_brand?post=2628"},{"taxonomy":"product_cat","embeddable":true,"href":"https:\/\/www.nospcr.cz\/servis\/wp-json\/wp\/v2\/product_cat?post=2628"},{"taxonomy":"product_tag","embeddable":true,"href":"https:\/\/www.nospcr.cz\/servis\/wp-json\/wp\/v2\/product_tag?post=2628"}],"curies":[{"name":"wp","href":"https:\/\/api.w.org\/{rel}","templated":true}]}}