{"id":629,"date":"2021-03-17T20:41:27","date_gmt":"2021-03-17T19:41:27","guid":{"rendered":"https:\/\/www.nospcr.cz\/servis\/?post_type=product&#038;p=629"},"modified":"2026-03-03T18:29:00","modified_gmt":"2026-03-03T17:29:00","slug":"rouska-tvarovana-zobak-pcr","status":"publish","type":"product","link":"https:\/\/www.nospcr.cz\/servis\/produkt\/rouska-tvarovana-zobak-pcr\/","title":{"rendered":"Rou\u0161ka tvarovan\u00e1 &#8211; zob\u00e1k P\u010cR"},"content":{"rendered":"<p>Rou\u0161ka tvarovan\u00e1 tzv. Zob\u00e1k , s gumi\u010dkami za u\u0161i, \u010dern\u00e1 s logem<\/p>\n","protected":false},"excerpt":{"rendered":"<div class=\"mh-excerpt\"><p>Rou\u0161ka tvarovan\u00e1 tzv. Zob\u00e1k , s gumi\u010dkami za u\u0161i, \u010dern\u00e1 s logem<\/p>\n<\/div>","protected":false},"featured_media":2350,"template":"","meta":{"_monsterinsights_skip_tracking":false,"_monsterinsights_sitenote_active":false,"_monsterinsights_sitenote_note":"","_monsterinsights_sitenote_category":0},"product_brand":[],"product_cat":[29],"product_tag":[],"class_list":{"0":"post-629","1":"product","2":"type-product","3":"status-publish","4":"has-post-thumbnail","6":"product_cat-textil","8":"first","9":"instock","10":"sale","11":"taxable","12":"shipping-taxable","13":"purchasable","14":"product-type-simple"},"_links":{"self":[{"href":"https:\/\/www.nospcr.cz\/servis\/wp-json\/wp\/v2\/product\/629","targetHints":{"allow":["GET"]}}],"collection":[{"href":"https:\/\/www.nospcr.cz\/servis\/wp-json\/wp\/v2\/product"}],"about":[{"href":"https:\/\/www.nospcr.cz\/servis\/wp-json\/wp\/v2\/types\/product"}],"wp:featuredmedia":[{"embeddable":true,"href":"https:\/\/www.nospcr.cz\/servis\/wp-json\/wp\/v2\/media\/2350"}],"wp:attachment":[{"href":"https:\/\/www.nospcr.cz\/servis\/wp-json\/wp\/v2\/media?parent=629"}],"wp:term":[{"taxonomy":"product_brand","embeddable":true,"href":"https:\/\/www.nospcr.cz\/servis\/wp-json\/wp\/v2\/product_brand?post=629"},{"taxonomy":"product_cat","embeddable":true,"href":"https:\/\/www.nospcr.cz\/servis\/wp-json\/wp\/v2\/product_cat?post=629"},{"taxonomy":"product_tag","embeddable":true,"href":"https:\/\/www.nospcr.cz\/servis\/wp-json\/wp\/v2\/product_tag?post=629"}],"curies":[{"name":"wp","href":"https:\/\/api.w.org\/{rel}","templated":true}]}}