{"id":796,"date":"2021-10-11T19:46:43","date_gmt":"2021-10-11T17:46:43","guid":{"rendered":"https:\/\/www.nospcr.cz\/servis\/?post_type=product&#038;p=796"},"modified":"2025-04-11T09:15:49","modified_gmt":"2025-04-11T07:15:49","slug":"e-poukaz-2d-cinestar","status":"publish","type":"product","link":"https:\/\/www.nospcr.cz\/servis\/produkt\/e-poukaz-2d-cinestar\/","title":{"rendered":"E-pouk\u00e1zky do kina CineStar"},"content":{"rendered":"<p>na 2D, 3D filmy, na objedn\u00e1vku, min. 11 ks e-pouk\u00e1zek, platnost pouk\u00e1zek 12 m\u011bs\u00edc\u016f .<\/p>\n","protected":false},"excerpt":{"rendered":"<div class=\"mh-excerpt\"><p>Cena se skl\u00e1d\u00e1 z ceny vstupenky 159 K\u010d a 1 k\u010d manipula\u010dn\u00edho poplatku. <a class=\"mh-excerpt-more\" href=\"https:\/\/www.nospcr.cz\/servis\/produkt\/e-poukaz-2d-cinestar\/\" title=\"E-pouk\u00e1zky do kina CineStar\">[&#8230;]<\/a><\/p>\n<\/div>","protected":false},"featured_media":1073,"template":"","meta":{"_monsterinsights_skip_tracking":false,"_monsterinsights_sitenote_active":false,"_monsterinsights_sitenote_note":"","_monsterinsights_sitenote_category":0},"product_brand":[],"product_cat":[39,60],"product_tag":[],"class_list":{"0":"post-796","1":"product","2":"type-product","3":"status-publish","4":"has-post-thumbnail","6":"product_cat-na-objedavku","7":"product_cat-ruzne","9":"first","10":"onbackorder","11":"taxable","12":"shipping-taxable","13":"purchasable","14":"product-type-simple"},"_links":{"self":[{"href":"https:\/\/www.nospcr.cz\/servis\/wp-json\/wp\/v2\/product\/796","targetHints":{"allow":["GET"]}}],"collection":[{"href":"https:\/\/www.nospcr.cz\/servis\/wp-json\/wp\/v2\/product"}],"about":[{"href":"https:\/\/www.nospcr.cz\/servis\/wp-json\/wp\/v2\/types\/product"}],"wp:featuredmedia":[{"embeddable":true,"href":"https:\/\/www.nospcr.cz\/servis\/wp-json\/wp\/v2\/media\/1073"}],"wp:attachment":[{"href":"https:\/\/www.nospcr.cz\/servis\/wp-json\/wp\/v2\/media?parent=796"}],"wp:term":[{"taxonomy":"product_brand","embeddable":true,"href":"https:\/\/www.nospcr.cz\/servis\/wp-json\/wp\/v2\/product_brand?post=796"},{"taxonomy":"product_cat","embeddable":true,"href":"https:\/\/www.nospcr.cz\/servis\/wp-json\/wp\/v2\/product_cat?post=796"},{"taxonomy":"product_tag","embeddable":true,"href":"https:\/\/www.nospcr.cz\/servis\/wp-json\/wp\/v2\/product_tag?post=796"}],"curies":[{"name":"wp","href":"https:\/\/api.w.org\/{rel}","templated":true}]}}