{"id":934,"date":"2022-05-03T20:07:06","date_gmt":"2022-05-03T18:07:06","guid":{"rendered":"https:\/\/www.nospcr.cz\/servis\/?post_type=product&#038;p=934"},"modified":"2025-12-30T16:23:09","modified_gmt":"2025-12-30T15:23:09","slug":"rouska-tvarovana-zobak-vezenska-sluzba","status":"publish","type":"product","link":"https:\/\/www.nospcr.cz\/servis\/produkt\/rouska-tvarovana-zobak-vezenska-sluzba\/","title":{"rendered":"Rou\u0161ka tvarovan\u00e1 &#8211; zob\u00e1k &#8211; V\u011bze\u0148sk\u00e1 slu\u017eba"},"content":{"rendered":"<p>Rou\u0161ka tvarovan\u00e1 &#8222;ZOB\u00c1K&#8220; &#8211; V\u011bze\u0148sk\u00e1 slu\u017eba<\/p>\n","protected":false},"excerpt":{"rendered":"<div class=\"mh-excerpt\"><p>Rou\u0161ka tvarovan\u00e1 &#8222;ZOB\u00c1K&#8220; &#8211; V\u011bze\u0148sk\u00e1 slu\u017eba<\/p>\n<\/div>","protected":false},"featured_media":2351,"template":"","meta":{"_monsterinsights_skip_tracking":false,"_monsterinsights_sitenote_active":false,"_monsterinsights_sitenote_note":"","_monsterinsights_sitenote_category":0},"product_brand":[],"product_cat":[29],"product_tag":[],"class_list":{"0":"post-934","1":"product","2":"type-product","3":"status-publish","4":"has-post-thumbnail","6":"product_cat-textil","8":"first","9":"instock","10":"sale","11":"taxable","12":"shipping-taxable","13":"purchasable","14":"product-type-simple"},"_links":{"self":[{"href":"https:\/\/www.nospcr.cz\/servis\/wp-json\/wp\/v2\/product\/934","targetHints":{"allow":["GET"]}}],"collection":[{"href":"https:\/\/www.nospcr.cz\/servis\/wp-json\/wp\/v2\/product"}],"about":[{"href":"https:\/\/www.nospcr.cz\/servis\/wp-json\/wp\/v2\/types\/product"}],"wp:featuredmedia":[{"embeddable":true,"href":"https:\/\/www.nospcr.cz\/servis\/wp-json\/wp\/v2\/media\/2351"}],"wp:attachment":[{"href":"https:\/\/www.nospcr.cz\/servis\/wp-json\/wp\/v2\/media?parent=934"}],"wp:term":[{"taxonomy":"product_brand","embeddable":true,"href":"https:\/\/www.nospcr.cz\/servis\/wp-json\/wp\/v2\/product_brand?post=934"},{"taxonomy":"product_cat","embeddable":true,"href":"https:\/\/www.nospcr.cz\/servis\/wp-json\/wp\/v2\/product_cat?post=934"},{"taxonomy":"product_tag","embeddable":true,"href":"https:\/\/www.nospcr.cz\/servis\/wp-json\/wp\/v2\/product_tag?post=934"}],"curies":[{"name":"wp","href":"https:\/\/api.w.org\/{rel}","templated":true}]}}